{"id":29,"date":"2013-05-07T14:21:10","date_gmt":"2013-05-07T11:21:10","guid":{"rendered":"http:\/\/www.esa-mat.fi.n-serv.kotisivut.com\/?page_id=29"},"modified":"2013-05-30T22:10:35","modified_gmt":"2013-05-30T19:10:35","slug":"palvelut","status":"publish","type":"page","link":"https:\/\/www.esa-mat.fi\/?page_id=29","title":{"rendered":"Palvelut"},"content":{"rendered":"<p><strong>Rakentamis-ja remontointipalvelut<\/strong><\/p>\n<p>asuinrakennusten rakentaminen<\/p>\n<p>remontointipalvelut<\/p>\n<p><strong>Maalausty\u00f6t <\/strong><\/p>\n<p>sis\u00e4- ja ulkomaalaus<\/p>\n<p>tapetointity\u00f6t<\/p>\n<p><strong>Entis\u00f6intity\u00f6t<\/strong><\/p>\n<p>hirsirungonkengitys<\/p>\n<p>puuikkunoiden kunnostus<\/p>\n<p>huonekalujen kunnostus<\/p>\n<p>&nbsp;<\/p>\n<p>&nbsp;<\/p>\n<p>&nbsp;<\/p>\n","protected":false},"excerpt":{"rendered":"<p>Rakentamis-ja remontointipalvelut asuinrakennusten rakentaminen remontointipalvelut Maalausty\u00f6t sis\u00e4- ja ulkomaalaus tapetointity\u00f6t Entis\u00f6intity\u00f6t hirsirungonkengitys puuikkunoiden kunnostus huonekalujen kunnostus &nbsp; &nbsp; &nbsp;<\/p>\n","protected":false},"author":1,"featured_media":0,"parent":0,"menu_order":1,"comment_status":"closed","ping_status":"closed","template":"","meta":{"footnotes":""},"class_list":["post-29","page","type-page","status-publish","hentry"],"_links":{"self":[{"href":"https:\/\/www.esa-mat.fi\/index.php?rest_route=\/wp\/v2\/pages\/29","targetHints":{"allow":["GET"]}}],"collection":[{"href":"https:\/\/www.esa-mat.fi\/index.php?rest_route=\/wp\/v2\/pages"}],"about":[{"href":"https:\/\/www.esa-mat.fi\/index.php?rest_route=\/wp\/v2\/types\/page"}],"author":[{"embeddable":true,"href":"https:\/\/www.esa-mat.fi\/index.php?rest_route=\/wp\/v2\/users\/1"}],"replies":[{"embeddable":true,"href":"https:\/\/www.esa-mat.fi\/index.php?rest_route=%2Fwp%2Fv2%2Fcomments&post=29"}],"version-history":[{"count":7,"href":"https:\/\/www.esa-mat.fi\/index.php?rest_route=\/wp\/v2\/pages\/29\/revisions"}],"predecessor-version":[{"id":432,"href":"https:\/\/www.esa-mat.fi\/index.php?rest_route=\/wp\/v2\/pages\/29\/revisions\/432"}],"wp:attachment":[{"href":"https:\/\/www.esa-mat.fi\/index.php?rest_route=%2Fwp%2Fv2%2Fmedia&parent=29"}],"curies":[{"name":"wp","href":"https:\/\/api.w.org\/{rel}","templated":true}]}}